89857 a prime number?
False
Is 29417071 prime?
True
Is 1693771 a composite number?
True
Is 90098693 a composite number?
False
Is 578500279 a composite number?
True
Is 11206997 a composite number?
False
Is 2497067 prime?
True
Is 62252969 a composite number?
False
Is 56694538 a prime number?
False
Is 2993723 composite?
False
Is 19629803 prime?
True
Is 24245939 composite?
True
Is 2245253 composite?
False
Is 236003743 a prime number?
True
Is 260882041 prime?
False
Is 46140559 a composite number?
False
Is 37940969 composite?
True
Is 4362611 prime?
False
Is 412693 composite?
True
Is 136374727 prime?
False
Is 21643691 prime?
True
Is 8018161 a prime number?
False
Is 2227237 a composite number?
True
Is 492086171 prime?
True
Is 4571249 prime?
False
Is 3189859 composite?
True
Is 3219757 prime?
True
Is 1679189 a composite number?
False
Is 1396117 a prime number?
False
Is 215766535 a prime number?
False
Is 79450909 composite?
False
Is 209464699 a composite number?
False
Is 534867 composite?
True
Is 19974473 a composite number?
True
Is 14490591 composite?
True
Is 37314367 a composite number?
True
Is 2517379 a composite number?
False
Is 72426985 a prime number?
False
Is 503144227 composite?
True
Is 586563827 a prime number?
False
Is 49841899 a prime number?
True
Is 68032573 a prime number?
False
Is 1501547 a composite number?
True
Is 6787399 prime?
True
Is 27016181 prime?
False
Is 74288909 prime?
False
Is 18242521 prime?
False
Is 3053165 a prime number?
False
Is 626523529 composite?
True
Is 104623 a composite number?
False
Is 225273605 composite?
True
Is 3882469 a prime number?
False
Is 545140241 a prime number?
False
Is 9268073 a prime number?
True
Is 600287 a composite number?
True
Is 24754273 composite?
True
Is 5811227 composite?
False
Is 115633753 prime?
False
Is 445859231 a prime number?
True
Is 2327293 composite?
False
Is 10958533 prime?
False
Is 1150301 a composite number?
False
Is 113336303 prime?
True
Is 21517741 a prime number?
False
Is 1311599 a prime number?
True
Is 5226763 a prime number?
True
Is 228778589 composite?
True
Is 6552509 a composite number?
True
Is 43972879 a prime number?
True
Is 160966321 a prime number?
True
Is 13309729 prime?
True
Is 3641219 a prime number?
True
Is 9695891 a prime number?
True
Is 72146807 a composite number?
False
Is 4281947 a composite number?
True
Is 255743941 a prime number?
True
Is 10729 prime?
True
Is 24113557 a prime number?
False
Is 156049359 composite?
True
Is 6143779 a composite number?
False
Is 114918439 prime?
False
Is 104177063 composite?
True
Is 101142541 composite?
True
Is 518914759 prime?
False
Is 5388053 prime?
False
Is 4532021 composite?
True
Is 25483061 prime?
True
Is 470602207 prime?
True
Is 3262081 composite?
False
Is 817879 a prime number?
False
Is 3496151 a composite number?
False
Is 44462237 prime?
False
Is 813811 a prime number?
True
Is 186313541 a composite number?
True
Is 8638921 a composite number?
True
Is 496183423 composite?
True
Is 3861203 a prime number?
True
Is 1180567 composite?
True
Is 4107449 a composite number?
False
Is 16908019 a composite number?
False
Is 9925831 a prime number?
False
Is 1029247 a prime number?
True
Is 47301923 composite?
False
Is 3986179 prime?
False
Is 164966881 prime?
True
Is 49069859 a prime number?
True
Is 5699873 a composite number?
False
Is 78193735 a prime number?
False
Is 42161359 composite?
False
Is 118019 a composite number?
True
Is 53328113 a composite number?
True
Is 14283901 a prime number?
False
Is 670573789 prime?
False
Is 41108287 a prime number?
False
Is 137468183 a prime number?
False
Is 1594699 composite?
True
Is 20151529 a composite number?
False
Is 9600709 composite?
False
Is 156593 a prime number?
True
Is 25822603 prime?
False
Is 6436879 composite?
False
Is 225389 a composite number?
True
Is 97489363 prime?
True
Is 1848103 composite?
False
Is 283369 a prime number?
True
Is 74206883 a prime number?
True
Is 137733667 a composite number?
False
Is 30918409 a prime number?
True
Is 28437523 composite?
False
Is 93801511 a prime number?
False
Is 459427931 prime?
True
Is 31641773 composite?
False
Is 494108051 composite?
False
Is 111652501 a prime number?
False
Is 4094693 a composite number?
False
Is 119281 a composite number?
True
Is 673711 composite?
True
Is 15294547 prime?
True
Is 1284411 prime?
False
Is 102431881 composite?
True
Is 7497929 prime?
False
Is 239445937 prime?
True
Is 14054689 prime?
False
Is 12188497 a prime number?
False
Is 12277913 composite?
False
Is 42867367 composite?
False
Is 24193558 composite?
True
Is 1158643195 composite?
True
Is 8359007 composite?
False
Is 2373587 prime?
False
Is 943751 a composite number?
False
Is 275515 prime?
False
Is 74703413 composite?
False
Is 6234367 composite?
False
Is 6669337 composite?
False
Is 1399747 prime?
False
Is 53606701 a composite number?
False
Is 230489851 a composite number?
False
Is 4216657 prime?
True
Is 24134797 prime?
False
Is 16373233 a composite number?
True
Is 933385353 a prime number?
False
Is 47087 composite?
False
Is 62877431 composite?
False
Is 594195827 prime?
False
Is 37162061 prime?
False
Is 18652267 a prime number?
False
Is 7175687 prime?
True
Is 727471 composite?
False
Is 15118729 prime?
False
Is 70027 composite?
True
Is 15689902 prime?
False
Is 2819855 a composite number?
True
Is 8382301 composite?
True
Is 49693859 a composite number?
False
Is 15785581 composite?
True
Is 6876283 a prime number?
False
Is 5231579 a prime number?
True
Is 672493 composite?
False
Is 14198879 a composite number?
False
Is 3107915 prime?
False
Is 1300283 composite?
False
Is 24234599 a prime number?
True
Is 477277 composite?
False
Is 85365871 composite?
True
Is 48890867 a prime number?
True
Is 8988503 a composite number?
False
Is 330389659 a prime number?
True
Is 7813765 a composite number?
True
Is 151738793 a composite number?
False
Is 1037167 composite?
True
Is 73722533 composite?
False
Is 176905193 a prime number?
True
Is 1140511573 prime?
True
Is 61688561 a prime number?
False
Is 78165539 a composite number?
True
Is 1839647 prime?
True
Is 707398 composite?
True
Is 1622297 composite?
False
Is 23093959 a composite number?
True
Is 39142221 composite?
True
Is 183446129 a composite number?
False
Is 77348237 prime?
False
Is 6989369 composite?
False
Is 333967 a prime number?
False
Is 364895455 a prime number?
False
Is 84284017 a composite number?
False
Is 13009991 a prime number?
False
Is 21112985 prime?
False
Is 10666207 a prime number?
False
Is 9956249 a composite number?
False
Is 3826769 a prime number?
True
Is 2098649 composite?
True
Is 68634667 composite?
True
Is 10609117 composite?
False
Is 80164189 a prime number?
False
Is 4345765 composite?
True
Is 4063841 a composite number?
False
Is 13610563 prime?
True
Is 119100649 a composite number?
False
Is 13146709 composite?
True
Is 7180213 composite?
True
Is 69301579 a composite number?
True
Is 5371157 prime?
False
Is 1841161 prime?
False
Is 2859281 composite?
True
Is 781043 a prime number?
True
Is 20554609 prime?
True
Is 39287161 a prime number?
True
Is 699444841 composite?
True
Is 57761969 a composite number?
False
Is 61403413 a composite number?
True
Is 5575093 composite?
True
Is 8227871 a prime number?
True
Is 2038607 composite?
False
Is 44457209 a prime number?
True
Is 388865 composite?
True
Is 3674761 a composite number?
False
Is 3697 a prime number?
True
Is 10457053 composite?
True
Is 980677 a prime number?
True
Is 3904817 composite?
True
Is 3524539 prime?
False
Is 3450089 prime?
False
Is 64918813 a prime number?
True
Is 3549457 composite?
False
Is 2157391 a prime number?
True
Is 286485761 a prime number?
True
Is 187093121 a prime number?
True
Is 26901733 composite?
False
Is 19661414 prime?
False
Is 10240733 composite?
False
Is 1104097 composite?
False
Is 1842739 prime?
False
Is 65595521 a prime number?
True
Is 81061273 composite?
True
Is 68170303 composite?
True
Is 10721279 a composite number?
False
Is 10453321 a composite number?
False
Is 2438149 a prime number?
False
Is 6813041 a composite number?
False
Is 29775073 composite?
False
Is 419009 composite?
True
Is 50725721 a prime number?
False
Is 73105741 composite?
False
Is 259349 composite?
True
Is 2364047 a composite number?
True
Is 3389242 a composite number?
True
Is 23878403 pri